{"id":375,"date":"2026-05-14T21:57:53","date_gmt":"2026-05-14T21:57:53","guid":{"rendered":"https:\/\/satakunnanase.fi\/?page_id=375"},"modified":"2026-05-14T22:01:44","modified_gmt":"2026-05-14T22:01:44","slug":"mittatukit","status":"publish","type":"page","link":"https:\/\/satakunnanase.fi\/index.php\/mittatukit\/","title":{"rendered":"Mittatukit"},"content":{"rendered":"\n<h2 class=\"wp-block-heading\" style=\"font-size:25px\">Miksi mittatukki?<\/h2>\n\n\n\n<p>Ampujaa tukeva ase on yht\u00e4 t\u00e4rke\u00e4 osa ammuntaa kuin oikein voidellut sukset hiiht\u00e4misess\u00e4.<\/p>\n\n\n\n<p>Jotta haulikkoampuja saisi kaiken irti ampumisesta niin mets\u00e4ll\u00e4 kuin radalla, t\u00e4ytyy tukin olla mitoitettu oikein. Jokaisella meill\u00e4 on oma fysiologia ja yksi muotti ei tietenk\u00e4\u00e4n sovi kaikille. T\u00e4ss\u00e4 vaiheessa mukaan astuu mittatukki, jolla varmistetaan aseen oikean sopivuus kyseiselle ampujalle. T\u00e4m\u00e4 siksi, ettei ampumisen aikana tarvitse korjata asentoa poskella, vaan haulikko asettuu joka kerta samalla tavalla. T\u00e4ll\u00f6in onnistumiset nopeissa mets\u00e4stystilanteissa ja radalla ovat kerta kerralta todenn\u00e4k\u00f6isempi\u00e4.<\/p>\n\n\n\n<p>Laadukkaasti tehty mittatilaustukki parantaa ampujan asentoa, hallittavuutta ja osumatarkkuutta. Ammattitaitoinen tukkisepp\u00e4 varmistaa, ett\u00e4 ase sopii t\u00e4ydellisesti ampujan mittoihin ja ampumatyyliin sek\u00e4 k\u00e4ytt\u00f6tarkoitukseen. Samalla huomioidaan rekyylinhallinta ja ergonomia, jotka vaikuttavat suoraan ampumamukavuuteen ja itse suoritukseen.<\/p>\n\n\n\n<p>Siksi olemme laatineet eritasoisille ampujille paketit, jotka mahdollistavat oman aseen sovittamisen juuri Sinun tarpeillesi sopivaksi.<\/p>\n\n\n\n<p>Sovitukset tehd\u00e4\u00e4n juuri Sinun aseellesi ja siksi se tarvitaankin aina mukaan ensimm\u00e4iselle k\u00e4ynnille sek\u00e4 puiden sovituksen ajaksi.<\/p>\n\n\n\n<p>Paketit<\/p>\n\n\n\n<h2 class=\"wp-block-heading\" style=\"font-size:25px\">1. Haulikkoampujan peruspaketti \u2013 perusasiat kuntoon<\/h2>\n\n\n\n<h3 class=\"wp-block-heading has-medium-font-size\">(Suomen halvin mittatukki)<\/h3>\n\n\n\n<p>Aloittelijalle ja nuorelle aseen perussopivuus kuntoon \u2013 ammunnan kehittyminen heti oikeaan suuntaan, kun ase tukee suorittamista. Osumat kehitt\u00e4v\u00e4t ampujaa.<\/p>\n\n\n\n<p>Mit\u00e4 sis\u00e4lt\u00e4\u00e4:<\/p>\n\n\n\n<ul class=\"wp-block-list\">\n<li>Etu- ja takatukki<\/li>\n<\/ul>\n\n\n\n<ul class=\"wp-block-list\">\n<li>Klassisen muotoinen pistoolikahva, mitoitus kahvan paksuuden ja pituuden osalta \u2013 pistoolikahvasta liipaisimelle<\/li>\n<\/ul>\n\n\n\n<ul class=\"wp-block-list\">\n<li>S\u00e4\u00e4dett\u00e4v\u00e4 poskipakka<\/li>\n<\/ul>\n\n\n\n<ul class=\"wp-block-list\">\n<li>Perusviilakarhennukset, vakiokuviolla ja karheudella<\/li>\n<\/ul>\n\n\n\n<ul class=\"wp-block-list\">\n<li>Perustason \u00f6ljy\u00e4minen<\/li>\n<\/ul>\n\n\n\n<ul class=\"wp-block-list\">\n<li>Peruspuuluokka<\/li>\n<\/ul>\n\n\n\n<ul class=\"wp-block-list\">\n<li>Aseen rekyylik\u00e4yt\u00f6ksen testaus<\/li>\n<\/ul>\n\n\n\n<p>Hinnoittelu alkaen 1500 \u20ac sis. alv. Hinta pelk\u00e4lle per\u00e4lle 1000 \u20ac sis. alv.<\/p>\n\n\n\n<h2 class=\"wp-block-heading\" style=\"font-size:25px\">2. Vaativan harrastajan mittatukkipaketti \u2013 juuri Sinulle, mittojen mukaan<\/h2>\n\n\n\n<p>Mets\u00e4st\u00e4jille ja ammunnan harrastajille, jotka haluavat mittapuut aseeseensa tukemaan oman lajin ammuntaa ja henkil\u00f6kohtaista tyyli\u00e4<\/p>\n\n\n\n<p>Mit\u00e4 sis\u00e4lt\u00e4\u00e4:<\/p>\n\n\n\n<ul class=\"wp-block-list\">\n<li>Etu- ja takatukki<\/li>\n<\/ul>\n\n\n\n<ul class=\"wp-block-list\">\n<li>Sis\u00e4lt\u00e4\u00e4 poskipakan mekanismeineen<\/li>\n<\/ul>\n\n\n\n<ul class=\"wp-block-list\">\n<li>Pistoolikahvan malliin voi vaikuttaa enemm\u00e4n kuin peruspaketissa, muun muassa k\u00e4mmenpahkan muotoilulla ja k\u00e4tisyydell\u00e4<\/li>\n<\/ul>\n\n\n\n<ul class=\"wp-block-list\">\n<li>Perusmallin viilakarhennukset, vakiokuviolla ja karheudella<\/li>\n<\/ul>\n\n\n\n<ul class=\"wp-block-list\">\n<li>Perustason \u00f6ljy\u00e4minen<\/li>\n<\/ul>\n\n\n\n<ul class=\"wp-block-list\">\n<li>Peruspuuluokka \u2013 puuluokka vaihdettavissa<\/li>\n<\/ul>\n\n\n\n<ul class=\"wp-block-list\">\n<li>Koeammutus radalla ensik\u00e4ynnill\u00e4 ja ennen viimeistely\u00e4 (hinta ei sis\u00e4ll\u00e4 kiekkoja ja patruunoita)<\/li>\n<\/ul>\n\n\n\n<p>Hinnoittelu alkaen 2200 \u20ac sis. alv. Hinta pelk\u00e4lle per\u00e4lle 1700\u20ac sis. alv.<\/p>\n\n\n\n<p><\/p>\n","protected":false},"excerpt":{"rendered":"<p>Miksi mittatukki? Ampujaa tukeva ase on yht\u00e4 t\u00e4rke\u00e4 osa ammuntaa kuin oikein voidellut sukset hiiht\u00e4misess\u00e4. Jotta haulikkoampuja saisi kaiken irti ampumisesta niin mets\u00e4ll\u00e4 kuin radalla, t\u00e4ytyy tukin olla mitoitettu oikein. Jokaisella meill\u00e4 on oma fysiologia ja yksi muotti ei tietenk\u00e4\u00e4n sovi kaikille. T\u00e4ss\u00e4 vaiheessa mukaan astuu mittatukki, jolla varmistetaan aseen oikean sopivuus kyseiselle ampujalle. T\u00e4m\u00e4 siksi, ettei ampumisen aikana tarvitse korjata asentoa poskella, vaan haulikko asettuu joka kerta samalla tavalla. T\u00e4ll\u00f6in onnistumiset nopeissa mets\u00e4stystilanteissa ja radalla ovat kerta kerralta todenn\u00e4k\u00f6isempi\u00e4. Laadukkaasti tehty mittatilaustukki parantaa ampujan asentoa, hallittavuutta ja osumatarkkuutta. Ammattitaitoinen tukkisepp\u00e4 varmistaa, ett\u00e4 ase sopii t\u00e4ydellisesti ampujan mittoihin ja ampumatyyliin sek\u00e4 k\u00e4ytt\u00f6tarkoitukseen. Samalla huomioidaan rekyylinhallinta ja ergonomia, jotka vaikuttavat suoraan ampumamukavuuteen ja itse suoritukseen. Siksi olemme laatineet eritasoisille ampujille paketit, jotka mahdollistavat oman aseen sovittamisen juuri Sinun tarpeillesi sopivaksi. Sovitukset tehd\u00e4\u00e4n juuri Sinun aseellesi ja siksi se tarvitaankin aina mukaan ensimm\u00e4iselle k\u00e4ynnille sek\u00e4 puiden sovituksen ajaksi. Paketit 1. Haulikkoampujan peruspaketti&hellip;<\/p>\n<p> <a class=\"more-link\" href=\"https:\/\/satakunnanase.fi\/index.php\/mittatukit\/\">Lue Lis\u00e4\u00e4<\/a><\/p>\n","protected":false},"author":1,"featured_media":0,"parent":0,"menu_order":0,"comment_status":"closed","ping_status":"closed","template":"","meta":{"footnotes":""},"class_list":["post-375","page","type-page","status-publish"],"_links":{"self":[{"href":"https:\/\/satakunnanase.fi\/index.php\/wp-json\/wp\/v2\/pages\/375","targetHints":{"allow":["GET"]}}],"collection":[{"href":"https:\/\/satakunnanase.fi\/index.php\/wp-json\/wp\/v2\/pages"}],"about":[{"href":"https:\/\/satakunnanase.fi\/index.php\/wp-json\/wp\/v2\/types\/page"}],"author":[{"embeddable":true,"href":"https:\/\/satakunnanase.fi\/index.php\/wp-json\/wp\/v2\/users\/1"}],"replies":[{"embeddable":true,"href":"https:\/\/satakunnanase.fi\/index.php\/wp-json\/wp\/v2\/comments?post=375"}],"version-history":[{"count":9,"href":"https:\/\/satakunnanase.fi\/index.php\/wp-json\/wp\/v2\/pages\/375\/revisions"}],"predecessor-version":[{"id":385,"href":"https:\/\/satakunnanase.fi\/index.php\/wp-json\/wp\/v2\/pages\/375\/revisions\/385"}],"wp:attachment":[{"href":"https:\/\/satakunnanase.fi\/index.php\/wp-json\/wp\/v2\/media?parent=375"}],"curies":[{"name":"wp","href":"https:\/\/api.w.org\/{rel}","templated":true}]}}